{"id":4154,"date":"2021-07-21T10:24:58","date_gmt":"2021-07-21T09:24:58","guid":{"rendered":"https:\/\/asteklima.bostnan.dev\/?post_type=evento_klimafest&#038;p=4154"},"modified":"2021-07-21T10:24:58","modified_gmt":"2021-07-21T09:24:58","slug":"santuario-vose","status":"publish","type":"evento_klimafest","link":"https:\/\/asteklima.bostnan.dev\/eu\/evento_klimafest\/santuario-vose\/","title":{"rendered":"Santuario (VOSE)"},"content":{"rendered":"<p><em>2019, ESP, \u00c1lvaro Longoria, 75\u2019<\/em><\/p>\n<p><em>Sanctuary<\/em>\u00a0es la historia de una campa\u00f1a medi\u00e1tica, cient\u00edfica y pol\u00edtica destinada a proteger la \u00faltima \u00e1rea virgen del planeta. Acompa\u00f1amos a bordo del Arctic Sunrise a los hermanos Bardem que, como portavoces de la campa\u00f1a del Santuario Ant\u00e1rtico, tienen que utilizar las herramientas a su disposici\u00f3n para conseguir el apoyo popular masivo para esta iniciativa. Seremos testigos de c\u00f3mo la ciencia, la pol\u00edtica y las redes sociales se combinan para conseguir que casi 3 millones de personas apoyen esta iniciativa que finalmente depende de una decisi\u00f3n pol\u00edtica.<\/p>\n<div class=\"elementor-widget-wrap\">\n<div class=\"elementor-element elementor-element-ae2a85b elementor-widget elementor-widget-heading\" data-id=\"ae2a85b\" data-element_type=\"widget\" data-widget_type=\"heading.default\">\n<div class=\"elementor-widget-container\">\n<h4 class=\"elementor-heading-title elementor-size-default\">Mi\u00e9rcoles, 25 de marzo de 2020 \/ 20:00h. VOSE<\/h4>\n<\/div>\n<\/div>\n<div class=\"elementor-element elementor-element-7dd55b2e elementor-widget elementor-widget-heading\" data-id=\"7dd55b2e\" data-element_type=\"widget\" data-widget_type=\"heading.default\">\n<div class=\"elementor-widget-container\">\n<p class=\"elementor-heading-title elementor-size-default\">Bilbao, Golem Alh\u00f3ndiga \/ Sala 1<\/p>\n<div class=\"elementor-element elementor-element-ae2a85b elementor-widget elementor-widget-heading\" data-id=\"ae2a85b\" data-element_type=\"widget\" data-widget_type=\"heading.default\">\n<div class=\"elementor-widget-container\">\n<h4 class=\"elementor-heading-title elementor-size-default\">Jueves, 26 de marzo de 2020 \/ 20:00h. VOSE<\/h4>\n<\/div>\n<\/div>\n<div class=\"elementor-element elementor-element-7dd55b2e elementor-widget elementor-widget-heading\" data-id=\"7dd55b2e\" data-element_type=\"widget\" data-widget_type=\"heading.default\">\n<div class=\"elementor-widget-container\">\n<p class=\"elementor-heading-title elementor-size-default\">Vitoria \u2013 Gasteiz, Cines Florida<\/p>\n<\/div>\n<\/div>\n<\/div>\n<\/div>\n<\/div>\n","protected":false},"featured_media":2546,"parent":0,"template":"","localizacion":[28],"class_list":["post-4154","evento_klimafest","type-evento_klimafest","status-publish","has-post-thumbnail","hentry","localizacion-vitoria-gasteiz-cines-florida"],"acf":[],"_links":{"self":[{"href":"https:\/\/asteklima.bostnan.dev\/eu\/wp-json\/wp\/v2\/evento_klimafest\/4154"}],"collection":[{"href":"https:\/\/asteklima.bostnan.dev\/eu\/wp-json\/wp\/v2\/evento_klimafest"}],"about":[{"href":"https:\/\/asteklima.bostnan.dev\/eu\/wp-json\/wp\/v2\/types\/evento_klimafest"}],"wp:featuredmedia":[{"embeddable":true,"href":"https:\/\/asteklima.bostnan.dev\/eu\/wp-json\/wp\/v2\/media\/2546"}],"wp:attachment":[{"href":"https:\/\/asteklima.bostnan.dev\/eu\/wp-json\/wp\/v2\/media?parent=4154"}],"wp:term":[{"taxonomy":"localizacion","embeddable":true,"href":"https:\/\/asteklima.bostnan.dev\/eu\/wp-json\/wp\/v2\/localizacion?post=4154"}],"curies":[{"name":"wp","href":"https:\/\/api.w.org\/{rel}","templated":true}]}}

<p><em>2019, ESP, Álvaro Longoria, 75’</em></p>
<p><em>Sanctuary</em> es la historia de una campaña mediática, científica y política destinada a proteger la última área virgen del planeta. Acompañamos a bordo del Arctic Sunrise a los hermanos Bardem que, como portavoces de la campaña del Santuario Antártico, tienen que utilizar las herramientas a su disposición para conseguir el apoyo popular masivo para esta iniciativa. Seremos testigos de cómo la ciencia, la política y las redes sociales se combinan para conseguir que casi 3 millones de personas apoyen esta iniciativa que finalmente depende de una decisión política.</p>
<div class="elementor-widget-wrap">
<div class="elementor-element elementor-element-ae2a85b elementor-widget elementor-widget-heading" data-id="ae2a85b" data-element_type="widget" data-widget_type="heading.default">
<div class="elementor-widget-container">
<h4 class="elementor-heading-title elementor-size-default">Miércoles, 25 de marzo de 2020 / 20:00h. VOSE</h4>
</div>
</div>
<div class="elementor-element elementor-element-7dd55b2e elementor-widget elementor-widget-heading" data-id="7dd55b2e" data-element_type="widget" data-widget_type="heading.default">
<div class="elementor-widget-container">
<p class="elementor-heading-title elementor-size-default">Bilbao, Golem Alhóndiga / Sala 1</p>
<div class="elementor-element elementor-element-ae2a85b elementor-widget elementor-widget-heading" data-id="ae2a85b" data-element_type="widget" data-widget_type="heading.default">
<div class="elementor-widget-container">
<h4 class="elementor-heading-title elementor-size-default">Jueves, 26 de marzo de 2020 / 20:00h. VOSE</h4>
</div>
</div>
<div class="elementor-element elementor-element-7dd55b2e elementor-widget elementor-widget-heading" data-id="7dd55b2e" data-element_type="widget" data-widget_type="heading.default">
<div class="elementor-widget-container">
<p class="elementor-heading-title elementor-size-default">Vitoria – Gasteiz, Cines Florida</p>
</div>
</div>
</div>
</div>
</div>
