{"id":4139,"date":"2021-07-21T10:14:20","date_gmt":"2021-07-21T09:14:20","guid":{"rendered":"https:\/\/asteklima.bostnan.dev\/?post_type=evento_klimafest&#038;p=4139"},"modified":"2021-07-21T10:20:38","modified_gmt":"2021-07-21T09:20:38","slug":"anthropocene-the-human-epoch-vose","status":"publish","type":"evento_klimafest","link":"https:\/\/asteklima.bostnan.dev\/eu\/evento_klimafest\/anthropocene-the-human-epoch-vose\/","title":{"rendered":"Anthropocene: The Human Epoch (VOSE)"},"content":{"rendered":"<p><em>2018, CAN, Jennifer Baichwal, Edward Burtynsky, Nicholas de Pencier, 87\u2019<\/em><\/p>\n<p>La pel\u00edcula sigue la investigaci\u00f3n de un grupo internacional de cient\u00edficos -Anthropocene Working Group- que despu\u00e9s de 10 a\u00f1os de investigaci\u00f3n, ponen de manifiesto que la \u00e9poca del Holoceno finaliz\u00f3 a mediados del siglo XX, dando paso a la \u00e9poca Antropoceno (la era del humano). Esta meditaci\u00f3n cinematogr\u00e1fica se destaca por su fotograf\u00eda impactante y equilibrada a partes iguales y por su compromiso con la concienciaci\u00f3n medioambiental.<\/p>\n<div class=\"elementor-widget-wrap\">\n<div class=\"elementor-element elementor-element-ae2a85b elementor-widget elementor-widget-heading\" data-id=\"ae2a85b\" data-element_type=\"widget\" data-widget_type=\"heading.default\">\n<div class=\"elementor-widget-container\">\n<h4 class=\"elementor-heading-title elementor-size-default\">Jueves, 26 de marzo de 2020 \/ 19:30h. VOSE<\/h4>\n<\/div>\n<\/div>\n<div class=\"elementor-element elementor-element-7dd55b2e elementor-widget elementor-widget-heading\" data-id=\"7dd55b2e\" data-element_type=\"widget\" data-widget_type=\"heading.default\">\n<div class=\"elementor-widget-container\">\n<p class=\"elementor-heading-title elementor-size-default\">Donostia \u2013 San Sebasti\u00e1n, Teatro Principal<\/p>\n<\/div>\n<\/div>\n<\/div>\n","protected":false},"featured_media":2542,"parent":0,"template":"","localizacion":[27],"class_list":["post-4139","evento_klimafest","type-evento_klimafest","status-publish","has-post-thumbnail","hentry","localizacion-donostia-san-sebastian-teatro-principal"],"acf":[],"_links":{"self":[{"href":"https:\/\/asteklima.bostnan.dev\/eu\/wp-json\/wp\/v2\/evento_klimafest\/4139"}],"collection":[{"href":"https:\/\/asteklima.bostnan.dev\/eu\/wp-json\/wp\/v2\/evento_klimafest"}],"about":[{"href":"https:\/\/asteklima.bostnan.dev\/eu\/wp-json\/wp\/v2\/types\/evento_klimafest"}],"wp:featuredmedia":[{"embeddable":true,"href":"https:\/\/asteklima.bostnan.dev\/eu\/wp-json\/wp\/v2\/media\/2542"}],"wp:attachment":[{"href":"https:\/\/asteklima.bostnan.dev\/eu\/wp-json\/wp\/v2\/media?parent=4139"}],"wp:term":[{"taxonomy":"localizacion","embeddable":true,"href":"https:\/\/asteklima.bostnan.dev\/eu\/wp-json\/wp\/v2\/localizacion?post=4139"}],"curies":[{"name":"wp","href":"https:\/\/api.w.org\/{rel}","templated":true}]}}

<p><em>2018, CAN, Jennifer Baichwal, Edward Burtynsky, Nicholas de Pencier, 87’</em></p>
<p>La película sigue la investigación de un grupo internacional de científicos -Anthropocene Working Group- que después de 10 años de investigación, ponen de manifiesto que la época del Holoceno finalizó a mediados del siglo XX, dando paso a la época Antropoceno (la era del humano). Esta meditación cinematográfica se destaca por su fotografía impactante y equilibrada a partes iguales y por su compromiso con la concienciación medioambiental.</p>
<div class="elementor-widget-wrap">
<div class="elementor-element elementor-element-ae2a85b elementor-widget elementor-widget-heading" data-id="ae2a85b" data-element_type="widget" data-widget_type="heading.default">
<div class="elementor-widget-container">
<h4 class="elementor-heading-title elementor-size-default">Jueves, 26 de marzo de 2020 / 19:30h. VOSE</h4>
</div>
</div>
<div class="elementor-element elementor-element-7dd55b2e elementor-widget elementor-widget-heading" data-id="7dd55b2e" data-element_type="widget" data-widget_type="heading.default">
<div class="elementor-widget-container">
<p class="elementor-heading-title elementor-size-default">Donostia – San Sebastián, Teatro Principal</p>
</div>
</div>
</div>
