{"id":4130,"date":"2021-07-21T10:08:17","date_gmt":"2021-07-21T09:08:17","guid":{"rendered":"https:\/\/asteklima.bostnan.dev\/?post_type=evento_klimafest&#038;p=4130"},"modified":"2021-07-21T10:08:17","modified_gmt":"2021-07-21T09:08:17","slug":"16-amaneceres-vose","status":"publish","type":"evento_klimafest","link":"https:\/\/asteklima.bostnan.dev\/eu\/evento_klimafest\/16-amaneceres-vose\/","title":{"rendered":"16 Amaneceres (VOSE)"},"content":{"rendered":"<p><em>2018, FRA, Pierre-Emmanuel Le Goff, 117\u2019<\/em><\/p>\n<p>Volar al espacio. Este es el sue\u00f1o que el astronauta franc\u00e9s Thomas Pesquet convirti\u00f3 en realidad cuando despeg\u00f3 del cosm\u00f3dromo de Baikonur, situado en Kazajist\u00e1n. A bordo de la Estaci\u00f3n Espacial Internacional, situada a 450 kil\u00f3metros de altura sobre la Tierra, Pesquet permanece seis meses como miembro de las expediciones 50 y 51.\u00a0 \u00a0 A lo largo de ese medio a\u00f1o, el mundo parece moverse hacia lo desconocido. En esas peculiares circunstancias se establece un di\u00e1logo entre el astronauta y \u201cEl principito\u201d la obra visionaria del escritor Antonie Saint-Exup\u00e9ry, que Thomas llev\u00f3 a este centro de investigaci\u00f3n ubicado en la \u00f3rbita terrestre, una experiencia que se refleja en este documental.<\/p>\n<div class=\"elementor-widget-wrap\">\n<div class=\"elementor-element elementor-element-ae2a85b elementor-widget elementor-widget-heading\" data-id=\"ae2a85b\" data-element_type=\"widget\" data-widget_type=\"heading.default\">\n<div class=\"elementor-widget-container\">\n<h4 class=\"elementor-heading-title elementor-size-default\">Martes, 24 de marzo de 2020 \/ 20:00h. VOSE<\/h4>\n<\/div>\n<\/div>\n<div class=\"elementor-element elementor-element-7dd55b2e elementor-widget elementor-widget-heading\" data-id=\"7dd55b2e\" data-element_type=\"widget\" data-widget_type=\"heading.default\">\n<div class=\"elementor-widget-container\">\n<p class=\"elementor-heading-title elementor-size-default\">Bilbao, Golem Alh\u00f3ndiga \u2013 Sala 6<\/p>\n<\/div>\n<\/div>\n<\/div>\n","protected":false},"featured_media":3096,"parent":0,"template":"","localizacion":[26],"class_list":["post-4130","evento_klimafest","type-evento_klimafest","status-publish","has-post-thumbnail","hentry","localizacion-bilbao-golem-alhondiga-azkuna-zentroa"],"acf":[],"_links":{"self":[{"href":"https:\/\/asteklima.bostnan.dev\/eu\/wp-json\/wp\/v2\/evento_klimafest\/4130"}],"collection":[{"href":"https:\/\/asteklima.bostnan.dev\/eu\/wp-json\/wp\/v2\/evento_klimafest"}],"about":[{"href":"https:\/\/asteklima.bostnan.dev\/eu\/wp-json\/wp\/v2\/types\/evento_klimafest"}],"wp:featuredmedia":[{"embeddable":true,"href":"https:\/\/asteklima.bostnan.dev\/eu\/wp-json\/wp\/v2\/media\/3096"}],"wp:attachment":[{"href":"https:\/\/asteklima.bostnan.dev\/eu\/wp-json\/wp\/v2\/media?parent=4130"}],"wp:term":[{"taxonomy":"localizacion","embeddable":true,"href":"https:\/\/asteklima.bostnan.dev\/eu\/wp-json\/wp\/v2\/localizacion?post=4130"}],"curies":[{"name":"wp","href":"https:\/\/api.w.org\/{rel}","templated":true}]}}

<p><em>2018, FRA, Pierre-Emmanuel Le Goff, 117’</em></p>
<p>Volar al espacio. Este es el sueño que el astronauta francés Thomas Pesquet convirtió en realidad cuando despegó del cosmódromo de Baikonur, situado en Kazajistán. A bordo de la Estación Espacial Internacional, situada a 450 kilómetros de altura sobre la Tierra, Pesquet permanece seis meses como miembro de las expediciones 50 y 51.    A lo largo de ese medio año, el mundo parece moverse hacia lo desconocido. En esas peculiares circunstancias se establece un diálogo entre el astronauta y “El principito” la obra visionaria del escritor Antonie Saint-Exupéry, que Thomas llevó a este centro de investigación ubicado en la órbita terrestre, una experiencia que se refleja en este documental.</p>
<div class="elementor-widget-wrap">
<div class="elementor-element elementor-element-ae2a85b elementor-widget elementor-widget-heading" data-id="ae2a85b" data-element_type="widget" data-widget_type="heading.default">
<div class="elementor-widget-container">
<h4 class="elementor-heading-title elementor-size-default">Martes, 24 de marzo de 2020 / 20:00h. VOSE</h4>
</div>
</div>
<div class="elementor-element elementor-element-7dd55b2e elementor-widget elementor-widget-heading" data-id="7dd55b2e" data-element_type="widget" data-widget_type="heading.default">
<div class="elementor-widget-container">
<p class="elementor-heading-title elementor-size-default">Bilbao, Golem Alhóndiga – Sala 6</p>
</div>
</div>
</div>
