{"id":4129,"date":"2021-07-21T10:07:03","date_gmt":"2021-07-21T09:07:03","guid":{"rendered":"https:\/\/asteklima.bostnan.dev\/?post_type=evento_klimafest&#038;p=4129"},"modified":"2021-07-21T10:07:16","modified_gmt":"2021-07-21T09:07:16","slug":"metamorphosis-vose","status":"publish","type":"evento_klimafest","link":"https:\/\/asteklima.bostnan.dev\/eu\/evento_klimafest\/metamorphosis-vose\/","title":{"rendered":"Metamorphosis (VOSE)"},"content":{"rendered":"<header class=\"page-header\">\n<h1 class=\"entry-title\">METAMORPHOSIS<\/h1>\n<\/header>\n<div class=\"page-content\">\n<p><em>2018, USA, Nova Ami, Velcrow Ripper, 85\u2019<\/em><\/p>\n<p>Un poema para el planeta. La hermosa pel\u00edcula de Nova Ami y Velcrow Ripper (Occupy Love) toma el pulso de nuestra Tierra y es testigo de un momento de cambio profundo: la p\u00e9rdida de un mundo y el nacimiento de otro. A trav\u00e9s de un flujo de mareas de im\u00e1genes impresionantes, Metamorphosis abre un camino desde el presente hasta el futuro, y ofrece una nueva y audaz visi\u00f3n para la humanidad y el mundo.<\/p>\n<div class=\"elementor-widget-wrap\">\n<div class=\"elementor-element elementor-element-ae2a85b elementor-widget elementor-widget-heading\" data-id=\"ae2a85b\" data-element_type=\"widget\" data-widget_type=\"heading.default\">\n<div class=\"elementor-widget-container\">\n<h4 class=\"elementor-heading-title elementor-size-default\">Lunes, 23 de marzo de 2020 \/ 20:00h. VOSE<\/h4>\n<\/div>\n<\/div>\n<div class=\"elementor-element elementor-element-7dd55b2e elementor-widget elementor-widget-heading\" data-id=\"7dd55b2e\" data-element_type=\"widget\" data-widget_type=\"heading.default\">\n<div class=\"elementor-widget-container\">\n<p class=\"elementor-heading-title elementor-size-default\">Bilbao, Golem Alh\u00f3ndiga \/ Sala 8<\/p>\n<div class=\"elementor-element elementor-element-ae2a85b elementor-widget elementor-widget-heading\" data-id=\"ae2a85b\" data-element_type=\"widget\" data-widget_type=\"heading.default\">\n<div class=\"elementor-widget-container\">\n<h4 class=\"elementor-heading-title elementor-size-default\">Martes, 24 de marzo de 2020 \/ 19:30h. VOSEUS<\/h4>\n<\/div>\n<\/div>\n<div class=\"elementor-element elementor-element-7dd55b2e elementor-widget elementor-widget-heading\" data-id=\"7dd55b2e\" data-element_type=\"widget\" data-widget_type=\"heading.default\">\n<div class=\"elementor-widget-container\">\n<p class=\"elementor-heading-title elementor-size-default\">Donostia \u2013 San Sebasti\u00e1n, Teatro Principal<\/p>\n<\/div>\n<\/div>\n<\/div>\n<\/div>\n<\/div>\n<\/div>\n","protected":false},"featured_media":2544,"parent":0,"template":"","localizacion":[26],"class_list":["post-4129","evento_klimafest","type-evento_klimafest","status-publish","has-post-thumbnail","hentry","localizacion-bilbao-golem-alhondiga-azkuna-zentroa"],"acf":[],"_links":{"self":[{"href":"https:\/\/asteklima.bostnan.dev\/eu\/wp-json\/wp\/v2\/evento_klimafest\/4129"}],"collection":[{"href":"https:\/\/asteklima.bostnan.dev\/eu\/wp-json\/wp\/v2\/evento_klimafest"}],"about":[{"href":"https:\/\/asteklima.bostnan.dev\/eu\/wp-json\/wp\/v2\/types\/evento_klimafest"}],"wp:featuredmedia":[{"embeddable":true,"href":"https:\/\/asteklima.bostnan.dev\/eu\/wp-json\/wp\/v2\/media\/2544"}],"wp:attachment":[{"href":"https:\/\/asteklima.bostnan.dev\/eu\/wp-json\/wp\/v2\/media?parent=4129"}],"wp:term":[{"taxonomy":"localizacion","embeddable":true,"href":"https:\/\/asteklima.bostnan.dev\/eu\/wp-json\/wp\/v2\/localizacion?post=4129"}],"curies":[{"name":"wp","href":"https:\/\/api.w.org\/{rel}","templated":true}]}}

<header class="page-header">
<h1 class="entry-title">METAMORPHOSIS</h1>
</header>
<div class="page-content">
<p><em>2018, USA, Nova Ami, Velcrow Ripper, 85’</em></p>
<p>Un poema para el planeta. La hermosa película de Nova Ami y Velcrow Ripper (Occupy Love) toma el pulso de nuestra Tierra y es testigo de un momento de cambio profundo: la pérdida de un mundo y el nacimiento de otro. A través de un flujo de mareas de imágenes impresionantes, Metamorphosis abre un camino desde el presente hasta el futuro, y ofrece una nueva y audaz visión para la humanidad y el mundo.</p>
<div class="elementor-widget-wrap">
<div class="elementor-element elementor-element-ae2a85b elementor-widget elementor-widget-heading" data-id="ae2a85b" data-element_type="widget" data-widget_type="heading.default">
<div class="elementor-widget-container">
<h4 class="elementor-heading-title elementor-size-default">Lunes, 23 de marzo de 2020 / 20:00h. VOSE</h4>
</div>
</div>
<div class="elementor-element elementor-element-7dd55b2e elementor-widget elementor-widget-heading" data-id="7dd55b2e" data-element_type="widget" data-widget_type="heading.default">
<div class="elementor-widget-container">
<p class="elementor-heading-title elementor-size-default">Bilbao, Golem Alhóndiga / Sala 8</p>
<div class="elementor-element elementor-element-ae2a85b elementor-widget elementor-widget-heading" data-id="ae2a85b" data-element_type="widget" data-widget_type="heading.default">
<div class="elementor-widget-container">
<h4 class="elementor-heading-title elementor-size-default">Martes, 24 de marzo de 2020 / 19:30h. VOSEUS</h4>
</div>
</div>
<div class="elementor-element elementor-element-7dd55b2e elementor-widget elementor-widget-heading" data-id="7dd55b2e" data-element_type="widget" data-widget_type="heading.default">
<div class="elementor-widget-container">
<p class="elementor-heading-title elementor-size-default">Donostia – San Sebastián, Teatro Principal</p>
</div>
</div>
</div>
</div>
</div>
</div>
