{"id":7240,"date":"2021-09-28T17:13:40","date_gmt":"2021-09-28T16:13:40","guid":{"rendered":"https:\/\/asteklima.bostnan.dev\/evento\/klima-aldaketari-buruzkoa-mahai-ingurua\/"},"modified":"2021-09-29T11:39:59","modified_gmt":"2021-09-29T10:39:59","slug":"klima-aldaketari-buruzkoa-mahai-ingurua","status":"publish","type":"evento","link":"https:\/\/asteklima.bostnan.dev\/eu\/evento\/klima-aldaketari-buruzkoa-mahai-ingurua\/","title":{"rendered":"Klima aldaketari buruzko mahai-ingurua"},"content":{"rendered":"<p><strong>Ekitaldiaren helburua:<\/strong><br \/>\nAdituen eskutik klima aldaketaren inguruko gai ezberdinen inguruko informazioa herritarrei helaraztea.<\/p>\n<p><strong>Egitaraua:<br \/>\n<\/strong><br \/>\n\u2022 <span style=\"color: #666699;\">Garazi Auzmendi<\/span> (ingeniera y autora de un estudio sobre bosques y cambio clim\u00e1tico en Gipuzkoa): &#8220;<strong>La contribuci\u00f3n de nuestros bosques en la lucha contra el cambio clim\u00e1tico&#8221;.<br \/>\n<\/strong><br \/>\n\u2022 <span style=\"color: #666699;\">Jose Mar\u00eda Hern\u00e1ndez<\/span> (Doctor en CC Geol\u00f3gicas y Director de Fundaci\u00f3n Cristina Enea Fundazioa): \u201c<strong>Claves en el registro geol\u00f3gico vasco para la lucha contra el cambio clim\u00e1tico<\/strong>\u201d<\/p>\n<p>\u2022 <span style=\"color: #666699;\">Xabier Esteban<\/span> (&#8220;Director t\u00e9cnico de la Fundaci\u00f3n Naturklima&#8221;) y Dorleta Or\u00fae-Echevarr\u00eda (Coordinadora del Observatorio de Cambio Clim\u00e1tico de Gipuzkoa): \u201c<span style=\"color: #666699;\">Principales consecuencias del cambio clim\u00e1tico en Gipuzkoa<\/span>\u201d.<br \/>\nHitzaldiaren ostean bertaratutakoek zalantzak planteatzeko edo hizlariei galderak egiteko tartea irekiko da<\/p>\n<p><strong>Erakunde antolatzailea:<\/strong><br \/>\nIrungo Udala<\/p>\n<p><strong>Data eta ordua:<\/strong><br \/>\nData: Irailaren 28a<br \/>\nIraupena: 18:00 &#8211; 19:30<\/p>\n<p><strong>Kokapena:<\/strong><br \/>\n2.gela, Palmera Montero Gunea, Irun (Gipuzkoa)<\/p>\n<p><strong>Nori zuzendua:<\/strong><br \/>\nFamiliei<\/p>\n<p><strong>Bertaratuko diren kopurua:<\/strong><br \/>\n42<\/p>\n<p>Ez da beharrezkoa izena eman.<\/p>\n","protected":false},"featured_media":7413,"template":"","fecha_ano":[31],"class_list":["post-7240","evento","type-evento","status-publish","has-post-thumbnail","hentry","fecha_ano-2021-eu"],"acf":[],"_links":{"self":[{"href":"https:\/\/asteklima.bostnan.dev\/eu\/wp-json\/wp\/v2\/evento\/7240"}],"collection":[{"href":"https:\/\/asteklima.bostnan.dev\/eu\/wp-json\/wp\/v2\/evento"}],"about":[{"href":"https:\/\/asteklima.bostnan.dev\/eu\/wp-json\/wp\/v2\/types\/evento"}],"version-history":[{"count":0,"href":"https:\/\/asteklima.bostnan.dev\/eu\/wp-json\/wp\/v2\/evento\/7240\/revisions"}],"wp:featuredmedia":[{"embeddable":true,"href":"https:\/\/asteklima.bostnan.dev\/eu\/wp-json\/wp\/v2\/media\/7413"}],"wp:attachment":[{"href":"https:\/\/asteklima.bostnan.dev\/eu\/wp-json\/wp\/v2\/media?parent=7240"}],"wp:term":[{"taxonomy":"fecha_ano","embeddable":true,"href":"https:\/\/asteklima.bostnan.dev\/eu\/wp-json\/wp\/v2\/fecha_ano?post=7240"}],"curies":[{"name":"wp","href":"https:\/\/api.w.org\/{rel}","templated":true}]}}

<p><strong>Ekitaldiaren helburua:</strong><br />
Adituen eskutik klima aldaketaren inguruko gai ezberdinen inguruko informazioa herritarrei helaraztea.</p>
<p><strong>Egitaraua:<br />
</strong><br />
• <span style="color: #666699;">Garazi Auzmendi</span> (ingeniera y autora de un estudio sobre bosques y cambio climático en Gipuzkoa): &#8220;<strong>La contribución de nuestros bosques en la lucha contra el cambio climático&#8221;.<br />
</strong><br />
• <span style="color: #666699;">Jose María Hernández</span> (Doctor en CC Geológicas y Director de Fundación Cristina Enea Fundazioa): “<strong>Claves en el registro geológico vasco para la lucha contra el cambio climático</strong>”</p>
<p>• <span style="color: #666699;">Xabier Esteban</span> (&#8220;Director técnico de la Fundación Naturklima&#8221;) y Dorleta Orúe-Echevarría (Coordinadora del Observatorio de Cambio Climático de Gipuzkoa): “<span style="color: #666699;">Principales consecuencias del cambio climático en Gipuzkoa</span>”.<br />
Hitzaldiaren ostean bertaratutakoek zalantzak planteatzeko edo hizlariei galderak egiteko tartea irekiko da</p>
<p><strong>Erakunde antolatzailea:</strong><br />
Irungo Udala</p>
<p><strong>Data eta ordua:</strong><br />
Data: Irailaren 28a<br />
Iraupena: 18:00 &#8211; 19:30</p>
<p><strong>Kokapena:</strong><br />
2.gela, Palmera Montero Gunea, Irun (Gipuzkoa)</p>
<p><strong>Nori zuzendua:</strong><br />
Familiei</p>
<p><strong>Bertaratuko diren kopurua:</strong><br />
42</p>
<p>Ez da beharrezkoa izena eman.</p>
