{"id":7165,"date":"2021-09-28T14:55:58","date_gmt":"2021-09-28T13:55:58","guid":{"rendered":"https:\/\/asteklima.bostnan.dev\/?post_type=evento&#038;p=7165"},"modified":"2021-09-29T12:40:56","modified_gmt":"2021-09-29T11:40:56","slug":"juego-infantil-vamos-a-salvar-el-polo-norte","status":"publish","type":"evento","link":"https:\/\/asteklima.bostnan.dev\/eu\/evento\/juego-infantil-vamos-a-salvar-el-polo-norte\/","title":{"rendered":"Juego infantil: Vamos a salvar el Polo Norte"},"content":{"rendered":"<p><strong>Objetivo del evento:<\/strong><br \/>\nAumentar el conocimiento que el alumnado de Educaci\u00f3n Primaria tiene sobre el cambio clim\u00e1tico y dar a conocer buenas pr\u00e1cticas para hacerle frente.<\/p>\n<p><strong>Entidad organizadora:<\/strong><br \/>\nAyuntamiento de Anoeta<\/p>\n<p><strong>Fecha y horario:<\/strong><br \/>\nFecha: 24 de setiembre<br \/>\nHora: 11.00-12.00<br \/>\nDuraci\u00f3n: Medio d\u00eda<\/p>\n<p><strong>Ubicaci\u00f3n:<\/strong><br \/>\nIkastola P\u00fablica de Anoeta<\/p>\n<p><strong>P\u00fablico<\/strong>:<br \/>\nAlumnado de Educaci\u00f3n Primaria<\/p>\n<p><strong>N\u00ba de asistentes estimado:<\/strong><br \/>\n20 alumnos\/as<\/p>\n<p><strong>Mail de inscripci\u00f3n:<\/strong><br \/>\n<a href=\"mailto:ingurumena@anoeta.eus\" target=\"_blank\" rel=\"noopener\">ingurumena@anoeta.eus<\/a><\/p>\n","protected":false},"featured_media":5975,"template":"","fecha_ano":[30],"class_list":["post-7165","evento","type-evento","status-publish","has-post-thumbnail","hentry","fecha_ano-30"],"acf":[],"_links":{"self":[{"href":"https:\/\/asteklima.bostnan.dev\/eu\/wp-json\/wp\/v2\/evento\/7165"}],"collection":[{"href":"https:\/\/asteklima.bostnan.dev\/eu\/wp-json\/wp\/v2\/evento"}],"about":[{"href":"https:\/\/asteklima.bostnan.dev\/eu\/wp-json\/wp\/v2\/types\/evento"}],"version-history":[{"count":0,"href":"https:\/\/asteklima.bostnan.dev\/eu\/wp-json\/wp\/v2\/evento\/7165\/revisions"}],"wp:featuredmedia":[{"embeddable":true,"href":"https:\/\/asteklima.bostnan.dev\/eu\/wp-json\/wp\/v2\/media\/5975"}],"wp:attachment":[{"href":"https:\/\/asteklima.bostnan.dev\/eu\/wp-json\/wp\/v2\/media?parent=7165"}],"wp:term":[{"taxonomy":"fecha_ano","embeddable":true,"href":"https:\/\/asteklima.bostnan.dev\/eu\/wp-json\/wp\/v2\/fecha_ano?post=7165"}],"curies":[{"name":"wp","href":"https:\/\/api.w.org\/{rel}","templated":true}]}}

<p><strong>Objetivo del evento:</strong><br />
Aumentar el conocimiento que el alumnado de Educación Primaria tiene sobre el cambio climático y dar a conocer buenas prácticas para hacerle frente.</p>
<p><strong>Entidad organizadora:</strong><br />
Ayuntamiento de Anoeta</p>
<p><strong>Fecha y horario:</strong><br />
Fecha: 24 de setiembre<br />
Hora: 11.00-12.00<br />
Duración: Medio día</p>
<p><strong>Ubicación:</strong><br />
Ikastola Pública de Anoeta</p>
<p><strong>Público</strong>:<br />
Alumnado de Educación Primaria</p>
<p><strong>Nº de asistentes estimado:</strong><br />
20 alumnos/as</p>
<p><strong>Mail de inscripción:</strong><br />
<a href="mailto:ingurumena@anoeta.eus" target="_blank" rel="noopener">ingurumena@anoeta.eus</a></p>
