{"id":4848,"date":"2021-09-10T10:24:05","date_gmt":"2021-09-10T09:24:05","guid":{"rendered":"https:\/\/asteklima.bostnan.dev\/evento\/klima-aldaketa-joko-beroa-tailerra\/"},"modified":"2021-09-22T11:16:56","modified_gmt":"2021-09-22T10:16:56","slug":"klima-aldaketa-joko-beroa-tailerra","status":"publish","type":"evento","link":"https:\/\/asteklima.bostnan.dev\/eu\/evento\/klima-aldaketa-joko-beroa-tailerra\/","title":{"rendered":"Klima aldaketa, joko beroa? (tailerra)"},"content":{"rendered":"<p>Publiko orokorrari zuzendutako tailer didaktikoa da, era atseginean Klima-Aldaketak planetako leku desberdinetan bizi diren pertsonengan erogiten ari den efektuak aztertzen ditu, herritarrek burutu ditzaketen ekintzak beren efektua eta ekartzen duen ahalegin pertsonala. Se abordar\u00e1 desde una perspectiva l\u00fadica, qu\u00e9 acciones puede tomar la ciudadan\u00eda, el efecto que tienen en la lucha contra el Cambio Clim\u00e1tico, y el esfuerzo personal que podr\u00eda suponer.<\/p>\n<p><strong>Erakunde antolatzailea:<br \/>\n<\/strong>Ekoetxea Txingudi<\/p>\n<p><strong>Iraupena:<\/strong> 12:00-13:00<\/p>\n<p><strong>Ubicaci\u00f3n:<br \/>\n<\/strong>Ekoetxea-Txingudi (Ir\u00fan)<\/p>\n<p><strong>Nori zuzendua:<br \/>\n<\/strong>Familiei<\/p>\n<p><strong>Izena emateko helbide elektronikoa<\/strong>:<br \/>\n<a href=\"mailto:info.txingudi@ekoetxea.eus\">info.txingudi@ekoetxea.eus<\/a><\/p>\n","protected":false},"featured_media":5087,"template":"","fecha_ano":[31],"class_list":["post-4848","evento","type-evento","status-publish","has-post-thumbnail","hentry","fecha_ano-2021-eu"],"acf":[],"_links":{"self":[{"href":"https:\/\/asteklima.bostnan.dev\/eu\/wp-json\/wp\/v2\/evento\/4848"}],"collection":[{"href":"https:\/\/asteklima.bostnan.dev\/eu\/wp-json\/wp\/v2\/evento"}],"about":[{"href":"https:\/\/asteklima.bostnan.dev\/eu\/wp-json\/wp\/v2\/types\/evento"}],"version-history":[{"count":0,"href":"https:\/\/asteklima.bostnan.dev\/eu\/wp-json\/wp\/v2\/evento\/4848\/revisions"}],"wp:featuredmedia":[{"embeddable":true,"href":"https:\/\/asteklima.bostnan.dev\/eu\/wp-json\/wp\/v2\/media\/5087"}],"wp:attachment":[{"href":"https:\/\/asteklima.bostnan.dev\/eu\/wp-json\/wp\/v2\/media?parent=4848"}],"wp:term":[{"taxonomy":"fecha_ano","embeddable":true,"href":"https:\/\/asteklima.bostnan.dev\/eu\/wp-json\/wp\/v2\/fecha_ano?post=4848"}],"curies":[{"name":"wp","href":"https:\/\/api.w.org\/{rel}","templated":true}]}}

<p>Publiko orokorrari zuzendutako tailer didaktikoa da, era atseginean Klima-Aldaketak planetako leku desberdinetan bizi diren pertsonengan erogiten ari den efektuak aztertzen ditu, herritarrek burutu ditzaketen ekintzak beren efektua eta ekartzen duen ahalegin pertsonala. Se abordará desde una perspectiva lúdica, qué acciones puede tomar la ciudadanía, el efecto que tienen en la lucha contra el Cambio Climático, y el esfuerzo personal que podría suponer.</p>
<p><strong>Erakunde antolatzailea:<br />
</strong>Ekoetxea Txingudi</p>
<p><strong>Iraupena:</strong> 12:00-13:00</p>
<p><strong>Ubicación:<br />
</strong>Ekoetxea-Txingudi (Irún)</p>
<p><strong>Nori zuzendua:<br />
</strong>Familiei</p>
<p><strong>Izena emateko helbide elektronikoa</strong>:<br />
<a href="mailto:info.txingudi@ekoetxea.eus">info.txingudi@ekoetxea.eus</a></p>
