{"id":4567,"date":"2021-07-27T07:30:49","date_gmt":"2021-07-27T06:30:49","guid":{"rendered":"https:\/\/asteklima.bostnan.dev\/evento\/bridgestone-iv-herri-bizikletaldi-solidarioa\/"},"modified":"2021-09-17T12:49:50","modified_gmt":"2021-09-17T11:49:50","slug":"bridgestone-iv-herri-bizikletaldi-solidarioa","status":"publish","type":"evento","link":"https:\/\/asteklima.bostnan.dev\/eu\/evento\/bridgestone-iv-herri-bizikletaldi-solidarioa\/","title":{"rendered":"Bridgestone IV. Herri Bizikletaldi Solidarioa"},"content":{"rendered":"<p>URRIAREN 3an Bridgestone Bizikletaldia Bilbora itzuliko da AECCren (Asociaci\u00f3n Espa\u00f1ola Contra el C\u00e1ncer\/Minbiziaren Aurkako Espainiako Elkartea) Bizkaiko egoitzaren alde.<\/p>\n<p>Bridgestone IV. Herri Bizikletaldi Solidarioaren helburua garraiobide jasangarrien erabilera sustatzea da, bizikleta eta patinen kasuan bezala.<\/p>\n<p>Parte hartuz, mugikortasun jasangarria sustatuko duzu, ingurumena hobetuko duzu eta AECC GKEaren aldeko helburu sozialarekin lankidetzan arituko zara. Bizikletaz eta patinetan 15 km edo 4 km egin ahal izango dituzu Bilbon zehar, eta antolaturik dauden hainbat jarduera eta zozketatan parte hartu ahal izango duzu.<\/p>\n<p>Izena emateko epealdia zabalik dago.<\/p>\n<h5>Egizu bat bizikletaldiarekin!<\/h5>\n<p><strong>Irteteko ordua: 11:00 horas<\/strong><\/p>\n<p><strong>Lekua: Areatzako pasealekua, Bilbo, Bizkaia<\/strong><\/p>\n<p>Inscripci\u00f3n: <a href=\"http:\/\/www.bicicletadabridgestone.com\/\" target=\"_blank\" rel=\"noopener\">bicicletadabridgestone.com<\/a><\/p>\n","protected":false},"featured_media":4560,"template":"","fecha_ano":[31],"class_list":["post-4567","evento","type-evento","status-publish","has-post-thumbnail","hentry","fecha_ano-2021-eu"],"acf":[],"_links":{"self":[{"href":"https:\/\/asteklima.bostnan.dev\/eu\/wp-json\/wp\/v2\/evento\/4567"}],"collection":[{"href":"https:\/\/asteklima.bostnan.dev\/eu\/wp-json\/wp\/v2\/evento"}],"about":[{"href":"https:\/\/asteklima.bostnan.dev\/eu\/wp-json\/wp\/v2\/types\/evento"}],"version-history":[{"count":0,"href":"https:\/\/asteklima.bostnan.dev\/eu\/wp-json\/wp\/v2\/evento\/4567\/revisions"}],"wp:featuredmedia":[{"embeddable":true,"href":"https:\/\/asteklima.bostnan.dev\/eu\/wp-json\/wp\/v2\/media\/4560"}],"wp:attachment":[{"href":"https:\/\/asteklima.bostnan.dev\/eu\/wp-json\/wp\/v2\/media?parent=4567"}],"wp:term":[{"taxonomy":"fecha_ano","embeddable":true,"href":"https:\/\/asteklima.bostnan.dev\/eu\/wp-json\/wp\/v2\/fecha_ano?post=4567"}],"curies":[{"name":"wp","href":"https:\/\/api.w.org\/{rel}","templated":true}]}}

<p>URRIAREN 3an Bridgestone Bizikletaldia Bilbora itzuliko da AECCren (Asociación Española Contra el Cáncer/Minbiziaren Aurkako Espainiako Elkartea) Bizkaiko egoitzaren alde.</p>
<p>Bridgestone IV. Herri Bizikletaldi Solidarioaren helburua garraiobide jasangarrien erabilera sustatzea da, bizikleta eta patinen kasuan bezala.</p>
<p>Parte hartuz, mugikortasun jasangarria sustatuko duzu, ingurumena hobetuko duzu eta AECC GKEaren aldeko helburu sozialarekin lankidetzan arituko zara. Bizikletaz eta patinetan 15 km edo 4 km egin ahal izango dituzu Bilbon zehar, eta antolaturik dauden hainbat jarduera eta zozketatan parte hartu ahal izango duzu.</p>
<p>Izena emateko epealdia zabalik dago.</p>
<h5>Egizu bat bizikletaldiarekin!</h5>
<p><strong>Irteteko ordua: 11:00 horas</strong></p>
<p><strong>Lekua: Areatzako pasealekua, Bilbo, Bizkaia</strong></p>
<p>Inscripción: <a href="http://www.bicicletadabridgestone.com/" target="_blank" rel="noopener">bicicletadabridgestone.com</a></p>
