{"id":12069,"date":"2022-09-02T11:18:32","date_gmt":"2022-09-02T09:18:32","guid":{"rendered":"https:\/\/asteklima.bostnan.dev\/evento\/reforestacion-y-generacion-de-biodiversidad\/"},"modified":"2022-09-02T11:22:12","modified_gmt":"2022-09-02T09:22:12","slug":"reforestacion-y-generacion-de-biodiversidad","status":"publish","type":"evento","link":"https:\/\/asteklima.bostnan.dev\/eu\/evento\/reforestacion-y-generacion-de-biodiversidad\/","title":{"rendered":"Basoberritzea eta Biodibertsitatea sortzea"},"content":{"rendered":"<p>Como compensaci\u00f3n parcial a nuestras emisiones de Co2 por los desplazamientos de los primeros equipos, tanto del masculino como del femenino como de los equipos inferiores de Lezama, correspondiente a la temporada 2021-22, haremos una reforestaci\u00f3n y generaci\u00f3n de Biodiversidad junto a asociaciones que trabajan con personas en riesgo de exclusi\u00f3n.<\/p>\n<p>2021-22 denboraldian gizonezkoen nahiz emakumezkoen lehen taldeen zein Lezamako beheko taldeen desplazamenduengatik sortu ditugun Co2 isurien konpentsazio partzial gisa, basoberritzeko eta biodibertsitatea sortzeko ekintza bat egingo dugu bazterketa-arriskuan dauden pertsonekin lan egiten duten elkarteekin batera.<\/p>\n<p><strong>Entidad organizadora:\u00a0<\/strong><\/p>\n<p>Fundaci\u00f3n Athletic Club<\/p>\n<p><strong>Fecha y Horario:<\/strong><\/p>\n<p>Fecha: 27-09-2022<\/p>\n<p>Hora: 09:00h &#8211; 14:30h<\/p>\n<p><strong>Ubicaci\u00f3n:<\/strong><\/p>\n<p>Reserva de la biosfera de Urdaibai<\/p>\n<p><strong>Inscripci\u00f3n:<\/strong><\/p>\n<p>Asier Garc\u00eda : <a href=\"mailto:a.garcia@fundacionathleticclub.eus\">a.garcia@fundacionathleticclub.eus<\/a><\/p>\n<p><strong>Erakunde antolatzailea:<\/strong><\/p>\n<p>Athletic Club Fundazioa<\/p>\n<p><strong>Data eta ordutegia:<\/strong><\/p>\n<p>Data: 2022 ko irailaren\u00a0 27 an<\/p>\n<p>Ordua: 09:00\u00a0 &#8211; 14:30<\/p>\n<p><strong>Kokapena:<\/strong><\/p>\n<p>Urdaibaiko Biosfera Erreserba<\/p>\n<p><strong>Izena ematea:<\/strong><\/p>\n<p>Asier Garc\u00eda : <a href=\"mailto:a.garcia@fundacionathleticclub.eus\">a.garcia@fundacionathleticclub.eus<\/a><\/p>\n<p>&nbsp;<\/p>\n","protected":false},"featured_media":12013,"template":"","fecha_ano":[35],"class_list":["post-12069","evento","type-evento","status-publish","has-post-thumbnail","hentry","fecha_ano-2022-eu"],"acf":[],"_links":{"self":[{"href":"https:\/\/asteklima.bostnan.dev\/eu\/wp-json\/wp\/v2\/evento\/12069"}],"collection":[{"href":"https:\/\/asteklima.bostnan.dev\/eu\/wp-json\/wp\/v2\/evento"}],"about":[{"href":"https:\/\/asteklima.bostnan.dev\/eu\/wp-json\/wp\/v2\/types\/evento"}],"version-history":[{"count":0,"href":"https:\/\/asteklima.bostnan.dev\/eu\/wp-json\/wp\/v2\/evento\/12069\/revisions"}],"wp:featuredmedia":[{"embeddable":true,"href":"https:\/\/asteklima.bostnan.dev\/eu\/wp-json\/wp\/v2\/media\/12013"}],"wp:attachment":[{"href":"https:\/\/asteklima.bostnan.dev\/eu\/wp-json\/wp\/v2\/media?parent=12069"}],"wp:term":[{"taxonomy":"fecha_ano","embeddable":true,"href":"https:\/\/asteklima.bostnan.dev\/eu\/wp-json\/wp\/v2\/fecha_ano?post=12069"}],"curies":[{"name":"wp","href":"https:\/\/api.w.org\/{rel}","templated":true}]}}

<p>Como compensación parcial a nuestras emisiones de Co2 por los desplazamientos de los primeros equipos, tanto del masculino como del femenino como de los equipos inferiores de Lezama, correspondiente a la temporada 2021-22, haremos una reforestación y generación de Biodiversidad junto a asociaciones que trabajan con personas en riesgo de exclusión.</p>
<p>2021-22 denboraldian gizonezkoen nahiz emakumezkoen lehen taldeen zein Lezamako beheko taldeen desplazamenduengatik sortu ditugun Co2 isurien konpentsazio partzial gisa, basoberritzeko eta biodibertsitatea sortzeko ekintza bat egingo dugu bazterketa-arriskuan dauden pertsonekin lan egiten duten elkarteekin batera.</p>
<p><strong>Entidad organizadora: </strong></p>
<p>Fundación Athletic Club</p>
<p><strong>Fecha y Horario:</strong></p>
<p>Fecha: 27-09-2022</p>
<p>Hora: 09:00h &#8211; 14:30h</p>
<p><strong>Ubicación:</strong></p>
<p>Reserva de la biosfera de Urdaibai</p>
<p><strong>Inscripción:</strong></p>
<p>Asier García : <a href="mailto:a.garcia@fundacionathleticclub.eus">a.garcia@fundacionathleticclub.eus</a></p>
<p><strong>Erakunde antolatzailea:</strong></p>
<p>Athletic Club Fundazioa</p>
<p><strong>Data eta ordutegia:</strong></p>
<p>Data: 2022 ko irailaren  27 an</p>
<p>Ordua: 09:00  &#8211; 14:30</p>
<p><strong>Kokapena:</strong></p>
<p>Urdaibaiko Biosfera Erreserba</p>
<p><strong>Izena ematea:</strong></p>
<p>Asier García : <a href="mailto:a.garcia@fundacionathleticclub.eus">a.garcia@fundacionathleticclub.eus</a></p>
<p>&nbsp;</p>
