{"id":11295,"date":"2022-08-22T11:10:29","date_gmt":"2022-08-22T09:10:29","guid":{"rendered":"https:\/\/asteklima.bostnan.dev\/evento\/teatro-irupe-la-nina-que-queria-tocar-la-luna\/"},"modified":"2022-09-22T15:02:14","modified_gmt":"2022-09-22T13:02:14","slug":"teatro-irupe-la-nina-que-queria-tocar-la-luna","status":"publish","type":"evento","link":"https:\/\/asteklima.bostnan.dev\/eu\/evento\/teatro-irupe-la-nina-que-queria-tocar-la-luna\/","title":{"rendered":"Antzerkia: \u201cIrup\u00e9 la ni\u00f1a que quer\u00eda tocar la Luna\u201d"},"content":{"rendered":"<p>Neskato batek bere ingurunearekin duen loturari buruzko obra poetiko bat. Neskatoak bere ingurunea maite eta errespetatzen du. Deforestazioak drama dakar: hondamendia, biodibertsitatearen eta haren ingurune osoaren galera. Irupe beste pertsona batzuekin elkartuko da mendia salbatzeko.<\/p>\n<p><strong>Erakunde antolatzailea:<\/strong><\/p>\n<p>Uribe Kostako Zerbitzu Mankomunitatea<\/p>\n<p><strong>Erakunde laguntzailea:<\/strong><\/p>\n<p>Muyuyay antzerkia<\/p>\n<p><strong>Data eta ordutegia:<\/strong><\/p>\n<p>Data: 2022-09-24<\/p>\n<p>Ordua: 12:00 etan<\/p>\n<p>Iraupena: 45 minutu<\/p>\n<p><strong>Kokapena:<\/strong><\/p>\n<p>Armintxa Kultur Etxea, Lemoiz<\/p>\n<p><strong>Nori zuzenduta dago?<\/strong><\/p>\n<p>Publiko orokorra<\/p>\n<p><strong>Izena ematea:<\/strong><\/p>\n<p>Ez da izenik eman behar<\/p>\n","protected":false},"featured_media":11293,"template":"","fecha_ano":[35],"class_list":["post-11295","evento","type-evento","status-publish","has-post-thumbnail","hentry","fecha_ano-2022-eu"],"acf":[],"_links":{"self":[{"href":"https:\/\/asteklima.bostnan.dev\/eu\/wp-json\/wp\/v2\/evento\/11295"}],"collection":[{"href":"https:\/\/asteklima.bostnan.dev\/eu\/wp-json\/wp\/v2\/evento"}],"about":[{"href":"https:\/\/asteklima.bostnan.dev\/eu\/wp-json\/wp\/v2\/types\/evento"}],"version-history":[{"count":0,"href":"https:\/\/asteklima.bostnan.dev\/eu\/wp-json\/wp\/v2\/evento\/11295\/revisions"}],"wp:featuredmedia":[{"embeddable":true,"href":"https:\/\/asteklima.bostnan.dev\/eu\/wp-json\/wp\/v2\/media\/11293"}],"wp:attachment":[{"href":"https:\/\/asteklima.bostnan.dev\/eu\/wp-json\/wp\/v2\/media?parent=11295"}],"wp:term":[{"taxonomy":"fecha_ano","embeddable":true,"href":"https:\/\/asteklima.bostnan.dev\/eu\/wp-json\/wp\/v2\/fecha_ano?post=11295"}],"curies":[{"name":"wp","href":"https:\/\/api.w.org\/{rel}","templated":true}]}}

Antzerkia: “Irupé la niña que quería tocar la Luna”
