{"id":10530,"date":"2022-07-29T10:55:45","date_gmt":"2022-07-29T08:55:45","guid":{"rendered":"https:\/\/asteklima.bostnan.dev\/evento\/jornada-instrumentos-para-la-accion-climatica-en-el-patrimonio-natural\/"},"modified":"2022-08-01T13:56:36","modified_gmt":"2022-08-01T11:56:36","slug":"jornada-instrumentos-para-la-accion-climatica-en-el-patrimonio-natural","status":"publish","type":"evento","link":"https:\/\/asteklima.bostnan.dev\/eu\/evento\/jornada-instrumentos-para-la-accion-climatica-en-el-patrimonio-natural\/","title":{"rendered":"Jardunaldia: Klima-aldaketarako tresnak ondare naturalaren alorrean"},"content":{"rendered":"<p>Ondare naturala kaltebera da klima-aldaketaren aurrean, eta honen ondorioak negatiboak dira eta agerikoak dira gaur egun. Eremu babestuek lurraldeko balio natural garrantzitsuenak kontzentratzen dituztenez, pentsatzekoa da klima-inpaktua kualitatiboki esanguratsuagoa izan daitekeela hor gizartearentzat. Klima-ikuspegia ondare naturalaren plangintza eta kudeaketa orokorrean sartzea \u2013eta, zehazki, eremu babestuen plangintza eta kudeaketan sartzea- behar bat da gur egun, eta horrela ezartzen du Egokitzapenerako Europar Estrategiak (Europako Batzordea, 2021). Natura 2000 Sarea funtsezko elementu bat da eremu babestuen barruan, biodibertsitatearen eta habitaten kontserbazioa bermatzeko. Euskadiren kasuan, Natura 2000 Sarea osatzen duten 55 eremuek lurraldearen % 23,3 okupatzen dute, eta Europarentzat lehentasunezko interesa duten habitaten % 14 biltzen dute. Natura 2000 Sarearen klima-erresilientzia segurtatzeko, beharrezkoa da kalteberatasunaren faktoreei heltzea, hala nola habitat eta espezieen kontserbazio-egoerari.<\/p>\n<p>Eusko Jaurlaritzaren Trantsizio Energetikorako eta Klima-aldaketarako 2021-2024rako Planak (Eusko Jaurlaritza, 2021) \u201cklima-neutraltasuna lortzen laguntzen duen 2000 Natura Sarea\u201d bultzatzeko beharra sartzen du bere 15 ekimen enblematikoen artean; izan ere, horrek lurraldearen erresilientzia indartzen laguntzen du, lurraldearen neutraltasunerako bidea errazteaz batera.<\/p>\n<p>Jardunaldi honetan aurkezten diren tresnen helburua da klima-aldaketak Euskadiko ondare naturalean dituen ondorioak diagnostikatzeko prozesua erraztea, lehorreko habitaten klima-arriskuari buruzko emaitzak eta azterketa bioklimatikoa aurkeztearen bitartez. Orobat, diagnostiko hau egiteko garatu diren eta beste autonomia erkidegoko edo eskualde batzuetara eraman litezkeen metodologiak ere aurkeztuko dira. Beste alde batetik, klima-ikuspegia Natura 2000 Sarearen kudeaketa-dokumentuetan integratzen lagundu dezaketen tresnak aurkeztuko dira, baita egokitzapena espezie multzo batzuen kudeaketan txertatzeko moduari buruzko adibide konkretuak ere; esaterako: anfibioen edo polinizataileen kasuan.<\/p>\n<p><strong>Erakunde antolatzailea:<\/strong><br \/>\nIhobe.<\/p>\n<p><strong>Data eta ordua:<\/strong><br \/>\nData: 30-09-2022<br \/>\nIraupena: 09:00 &#8211; 14:00<\/p>\n<p><strong>Kokapena:<\/strong><br \/>\n<span id=\"ch_wcuEventos_lblLugar\">Europa Biltzar Jauregia\u00a0. <\/span><span id=\"ch_wcuEventos_lblDireccion\">Av. Gasteiz, 85 &#8211; 01009 &#8211; Vitoria-Gasteiz<\/span><\/p>\n<p><strong>Inskripzioa:<\/strong><br \/>\nEkitaldira aurrez aurre edo ZOOM bidez joan daiteke. Markatu zure aukera izena ematean<br \/>\n<a href=\"https:\/\/www.ihobe.eus\/sarrera\" target=\"_blank\" rel=\"noopener\">https:\/\/www.ihobe.eus\/sarrera<\/a><\/p>\n<p>&nbsp;<\/p>\n<p><b>Egitaraua:<\/b><\/p>\n<table class=\"program\">\n<tbody>\n<tr>\n<td><strong>09:00<\/strong><\/td>\n<td><strong>Irekiera instituzionala<\/strong><\/p>\n<ul>\n<li>Adolfo Uriarte, Natura Ondare eta Klima Aldaketa zuzendaria. Eusko Jaurlaritza<\/li>\n<\/ul>\n<\/td>\n<\/tr>\n<tr>\n<td><strong>09:20<\/strong><\/td>\n<td><strong>Klima-aldaketaren erronkak Europako biodibertsitaterako<\/strong><\/p>\n<ul>\n<li>Irene Bonvissuto. Adaptation to Climate Change Mission. Klima arloko Zuzendaritza Nagusia. Europako Batzordea<\/li>\n<\/ul>\n<\/td>\n<\/tr>\n<tr>\n<td><strong>09:40<\/strong><\/td>\n<td><strong>Nola heldu Natura 2000 Sarearen klima-ekintzari<\/strong><\/p>\n<ul>\n<li>Trantsizio Ekologikoaren Ministerioa. Klima Aldaketaren Espainiako Bulegoa<\/li>\n<li><strong>\u00a0<\/strong>Jos\u00e9 Antonio Atauri Mezquida. EUROPARC \u2013 Espa\u00f1a<\/li>\n<\/ul>\n<\/td>\n<\/tr>\n<tr>\n<td><strong>10:20<\/strong><\/td>\n<td><strong>Atsedenaldia<\/strong><\/td>\n<\/tr>\n<tr>\n<td><strong>10:50<\/strong><\/td>\n<td><strong>Euskadiko Natura 2000 Sarean klima-aldaketari heltzeko tresnak<\/strong><\/p>\n<p><strong>\u00a0Klima-aldaketa txertatzea:<\/strong><\/p>\n<ul>\n<li><strong>Metodologia.<\/strong> Ainhize Butron Mota. Klima-aldaketaren arloa, Ihobe, Eusko Jaurlaritzako Ingurumen Jarduketarako Sozietate Publikoa.<\/li>\n<li><strong>Euskadiko eremu babestu baten kasu praktikoa.<\/strong> Javier P\u00e9rez, Mikel de Francisco. HAZI Fundazioa.<\/li>\n<\/ul>\n<p><strong>Klima-aldaketaren arriskuari eta biodibertsitateari buruzko azterketa.<\/strong><\/p>\n<ul>\n<li><strong>Lehorreko habitaten klima-arriskuaren metodologia.<\/strong> \u00cd\u00f1igo Ortiz de Z\u00e1rate. Idom.<\/li>\n<li><strong>Azterketa bioklimatikoren eta lehorreko habitaten klima-arriskuaren azterketaren emaitzak, Euskadiren kasuan.<\/strong> Ainhize Butron Mota. Klima-aldaketaren arloa, Ihobe, Eusko Jaurlaritzako Ingurumen Jarduketarako Sozietate Publikoa.<\/li>\n<\/ul>\n<p><strong>\u00a0Kudeaketa Plan baten klima-ikuspegiaren azterketa.<\/strong> Ainhize Butron Mota. Klima-aldaketaren arloa, Ihobe, Eusko Jaurlaritzako Ingurumen Jarduketarako Sozietate Publikoa.<\/p>\n<p><strong>Egokitze-neurriak:<\/strong><\/p>\n<ul>\n<li><strong>Anfibioei zuzendutako egokitze-neurriak.<\/strong> Maria Jes\u00fas Arrayago, EKOS Estudios Ambientales<\/li>\n<li><strong>Polinizatzaileei zuzendutako egokitze-neurriak.<\/strong> Yerai Monasterio, Zerynthia<\/li>\n<\/ul>\n<p><strong>Tresnen erabilerarako gomendioak<\/strong>. Ainhize Butron Mota. Klima-aldaketaren arloa, Ihobe, Eusko Jaurlaritzako Ingurumen Jarduketarako Sozietate Publikoa.<\/td>\n<\/tr>\n<tr>\n<td><strong>13:25<\/strong><\/td>\n<td><strong>Itxiera instituzionala<\/strong><\/p>\n<ul>\n<li>Eusko Jaurlaritzako ordezkariak<\/li>\n<\/ul>\n<\/td>\n<\/tr>\n<\/tbody>\n<\/table>\n<p><a href=\"https:\/\/www.ihobe.eus\/jarduerak\/klima-aldaketarako-tresnak-ondare-naturalaren-alorrean\" target=\"_blank\" rel=\"noopener\">https:\/\/www.ihobe.eus\/jarduerak\/klima-aldaketarako-tresnak-ondare-naturalaren-alorrean<\/a><\/p>\n","protected":false},"featured_media":10527,"template":"","fecha_ano":[35],"class_list":["post-10530","evento","type-evento","status-publish","has-post-thumbnail","hentry","fecha_ano-2022-eu"],"acf":[],"_links":{"self":[{"href":"https:\/\/asteklima.bostnan.dev\/eu\/wp-json\/wp\/v2\/evento\/10530"}],"collection":[{"href":"https:\/\/asteklima.bostnan.dev\/eu\/wp-json\/wp\/v2\/evento"}],"about":[{"href":"https:\/\/asteklima.bostnan.dev\/eu\/wp-json\/wp\/v2\/types\/evento"}],"version-history":[{"count":0,"href":"https:\/\/asteklima.bostnan.dev\/eu\/wp-json\/wp\/v2\/evento\/10530\/revisions"}],"wp:featuredmedia":[{"embeddable":true,"href":"https:\/\/asteklima.bostnan.dev\/eu\/wp-json\/wp\/v2\/media\/10527"}],"wp:attachment":[{"href":"https:\/\/asteklima.bostnan.dev\/eu\/wp-json\/wp\/v2\/media?parent=10530"}],"wp:term":[{"taxonomy":"fecha_ano","embeddable":true,"href":"https:\/\/asteklima.bostnan.dev\/eu\/wp-json\/wp\/v2\/fecha_ano?post=10530"}],"curies":[{"name":"wp","href":"https:\/\/api.w.org\/{rel}","templated":true}]}}

<p>Ondare naturala kaltebera da klima-aldaketaren aurrean, eta honen ondorioak negatiboak dira eta agerikoak dira gaur egun. Eremu babestuek lurraldeko balio natural garrantzitsuenak kontzentratzen dituztenez, pentsatzekoa da klima-inpaktua kualitatiboki esanguratsuagoa izan daitekeela hor gizartearentzat. Klima-ikuspegia ondare naturalaren plangintza eta kudeaketa orokorrean sartzea –eta, zehazki, eremu babestuen plangintza eta kudeaketan sartzea- behar bat da gur egun, eta horrela ezartzen du Egokitzapenerako Europar Estrategiak (Europako Batzordea, 2021). Natura 2000 Sarea funtsezko elementu bat da eremu babestuen barruan, biodibertsitatearen eta habitaten kontserbazioa bermatzeko. Euskadiren kasuan, Natura 2000 Sarea osatzen duten 55 eremuek lurraldearen % 23,3 okupatzen dute, eta Europarentzat lehentasunezko interesa duten habitaten % 14 biltzen dute. Natura 2000 Sarearen klima-erresilientzia segurtatzeko, beharrezkoa da kalteberatasunaren faktoreei heltzea, hala nola habitat eta espezieen kontserbazio-egoerari.</p>
<p>Eusko Jaurlaritzaren Trantsizio Energetikorako eta Klima-aldaketarako 2021-2024rako Planak (Eusko Jaurlaritza, 2021) “klima-neutraltasuna lortzen laguntzen duen 2000 Natura Sarea” bultzatzeko beharra sartzen du bere 15 ekimen enblematikoen artean; izan ere, horrek lurraldearen erresilientzia indartzen laguntzen du, lurraldearen neutraltasunerako bidea errazteaz batera.</p>
<p>Jardunaldi honetan aurkezten diren tresnen helburua da klima-aldaketak Euskadiko ondare naturalean dituen ondorioak diagnostikatzeko prozesua erraztea, lehorreko habitaten klima-arriskuari buruzko emaitzak eta azterketa bioklimatikoa aurkeztearen bitartez. Orobat, diagnostiko hau egiteko garatu diren eta beste autonomia erkidegoko edo eskualde batzuetara eraman litezkeen metodologiak ere aurkeztuko dira. Beste alde batetik, klima-ikuspegia Natura 2000 Sarearen kudeaketa-dokumentuetan integratzen lagundu dezaketen tresnak aurkeztuko dira, baita egokitzapena espezie multzo batzuen kudeaketan txertatzeko moduari buruzko adibide konkretuak ere; esaterako: anfibioen edo polinizataileen kasuan.</p>
<p><strong>Erakunde antolatzailea:</strong><br />
Ihobe.</p>
<p><strong>Data eta ordua:</strong><br />
Data: 30-09-2022<br />
Iraupena: 09:00 &#8211; 14:00</p>
<p><strong>Kokapena:</strong><br />
<span id="ch_wcuEventos_lblLugar">Europa Biltzar Jauregia . </span><span id="ch_wcuEventos_lblDireccion">Av. Gasteiz, 85 &#8211; 01009 &#8211; Vitoria-Gasteiz</span></p>
<p><strong>Inskripzioa:</strong><br />
Ekitaldira aurrez aurre edo ZOOM bidez joan daiteke. Markatu zure aukera izena ematean<br />
<a href="https://www.ihobe.eus/sarrera" target="_blank" rel="noopener">https://www.ihobe.eus/sarrera</a></p>
<p>&nbsp;</p>
<p><b>Egitaraua:</b></p>
<table class="program">
<tbody>
<tr>
<td><strong>09:00</strong></td>
<td><strong>Irekiera instituzionala</strong></p>
<ul>
<li>Adolfo Uriarte, Natura Ondare eta Klima Aldaketa zuzendaria. Eusko Jaurlaritza</li>
</ul>
</td>
</tr>
<tr>
<td><strong>09:20</strong></td>
<td><strong>Klima-aldaketaren erronkak Europako biodibertsitaterako</strong></p>
<ul>
<li>Irene Bonvissuto. Adaptation to Climate Change Mission. Klima arloko Zuzendaritza Nagusia. Europako Batzordea</li>
</ul>
</td>
</tr>
<tr>
<td><strong>09:40</strong></td>
<td><strong>Nola heldu Natura 2000 Sarearen klima-ekintzari</strong></p>
<ul>
<li>Trantsizio Ekologikoaren Ministerioa. Klima Aldaketaren Espainiako Bulegoa</li>
<li><strong> </strong>José Antonio Atauri Mezquida. EUROPARC – España</li>
</ul>
</td>
</tr>
<tr>
<td><strong>10:20</strong></td>
<td><strong>Atsedenaldia</strong></td>
</tr>
<tr>
<td><strong>10:50</strong></td>
<td><strong>Euskadiko Natura 2000 Sarean klima-aldaketari heltzeko tresnak</strong></p>
<p><strong> Klima-aldaketa txertatzea:</strong></p>
<ul>
<li><strong>Metodologia.</strong> Ainhize Butron Mota. Klima-aldaketaren arloa, Ihobe, Eusko Jaurlaritzako Ingurumen Jarduketarako Sozietate Publikoa.</li>
<li><strong>Euskadiko eremu babestu baten kasu praktikoa.</strong> Javier Pérez, Mikel de Francisco. HAZI Fundazioa.</li>
</ul>
<p><strong>Klima-aldaketaren arriskuari eta biodibertsitateari buruzko azterketa.</strong></p>
<ul>
<li><strong>Lehorreko habitaten klima-arriskuaren metodologia.</strong> Íñigo Ortiz de Zárate. Idom.</li>
<li><strong>Azterketa bioklimatikoren eta lehorreko habitaten klima-arriskuaren azterketaren emaitzak, Euskadiren kasuan.</strong> Ainhize Butron Mota. Klima-aldaketaren arloa, Ihobe, Eusko Jaurlaritzako Ingurumen Jarduketarako Sozietate Publikoa.</li>
</ul>
<p><strong> Kudeaketa Plan baten klima-ikuspegiaren azterketa.</strong> Ainhize Butron Mota. Klima-aldaketaren arloa, Ihobe, Eusko Jaurlaritzako Ingurumen Jarduketarako Sozietate Publikoa.</p>
<p><strong>Egokitze-neurriak:</strong></p>
<ul>
<li><strong>Anfibioei zuzendutako egokitze-neurriak.</strong> Maria Jesús Arrayago, EKOS Estudios Ambientales</li>
<li><strong>Polinizatzaileei zuzendutako egokitze-neurriak.</strong> Yerai Monasterio, Zerynthia</li>
</ul>
<p><strong>Tresnen erabilerarako gomendioak</strong>. Ainhize Butron Mota. Klima-aldaketaren arloa, Ihobe, Eusko Jaurlaritzako Ingurumen Jarduketarako Sozietate Publikoa.</td>
</tr>
<tr>
<td><strong>13:25</strong></td>
<td><strong>Itxiera instituzionala</strong></p>
<ul>
<li>Eusko Jaurlaritzako ordezkariak</li>
</ul>
</td>
</tr>
</tbody>
</table>
<p><a href="https://www.ihobe.eus/jarduerak/klima-aldaketarako-tresnak-ondare-naturalaren-alorrean" target="_blank" rel="noopener">https://www.ihobe.eus/jarduerak/klima-aldaketarako-tresnak-ondare-naturalaren-alorrean</a></p>
